he prime factors of 82497.
3, 107, 257
List the prime factors of 399351.
3, 133117
List the prime factors of 835169.
101, 8269
List the prime factors of 355307.
355307
List the prime factors of 732490.
2, 5, 11, 6659
List the prime factors of 1863122.
2, 41, 22721
What are the prime factors of 136831?
293, 467
List the prime factors of 2123018.
2, 1061509
List the prime factors of 751961.
7, 17, 71, 89
What are the prime factors of 120800?
2, 5, 151
List the prime factors of 100384.
2, 3137
What are the prime factors of 3839123?
1607, 2389
List the prime factors of 515766.
2, 3, 67, 1283
List the prime factors of 60393.
3, 41, 491
List the prime factors of 4238743.
113, 37511
List the prime factors of 173607.
3, 7, 1181
What are the prime factors of 98047?
98047
What are the prime factors of 318274?
2, 11, 17, 23, 37
What are the prime factors of 6343237?
137, 46301
List the prime factors of 465948.
2, 3, 7, 43
List the prime factors of 1721319.
3, 439, 1307
What are the prime factors of 13656131?
61, 211, 1061
List the prime factors of 158458.
2, 79229
List the prime factors of 163956.
2, 3, 13, 1051
What are the prime factors of 384004?
2, 96001
What are the prime factors of 914432?
2, 19, 47
What are the prime factors of 1578230?
2, 5, 157823
What are the prime factors of 1598711?
1598711
List the prime factors of 13864798.
2, 269, 25771
List the prime factors of 619029.
3, 101, 227
What are the prime factors of 14493764?
2, 3623441
List the prime factors of 8602030.
2, 5, 157, 5479
List the prime factors of 300279.
3, 7, 79, 181
What are the prime factors of 21730425?
3, 5, 29, 97, 103
List the prime factors of 252674.
2, 126337
List the prime factors of 292651.
311, 941
What are the prime factors of 95661?
3, 1181
List the prime factors of 1394796.
2, 3, 13, 8941
What are the prime factors of 138671?
13, 10667
What are the prime factors of 50277?
3, 16759
What are the prime factors of 6759070?
2, 5, 47, 73, 197
What are the prime factors of 177892?
2, 11, 13, 311
List the prime factors of 249475.
5, 17, 587
What are the prime factors of 272943?
3, 11, 919
List the prime factors of 1338467.
13, 149, 691
List the prime factors of 107263.
13, 37, 223
What are the prime factors of 37177954?
2, 11, 1689907
What are the prime factors of 195861?
3, 65287
What are the prime factors of 55144?
2, 61, 113
What are the prime factors of 2788003?
19, 7723
What are the prime factors of 1044429?
3, 17, 20479
What are the prime factors of 4391371?
4391371
List the prime factors of 1381356.
2, 3, 38371
List the prime factors of 282877.
7, 23, 251
What are the prime factors of 3779727?
3, 7, 19, 9473
What are the prime factors of 4224142?
2, 13, 37, 4391
List the prime factors of 816056.
2, 83, 1229
List the prime factors of 86842.
2, 7, 6203
List the prime factors of 588174.
2, 3, 167, 587
List the prime factors of 351919.
351919
What are the prime factors of 205958?
2, 29, 53, 67
What are the prime factors of 6059232?
2, 3, 7013
List the prime factors of 13880638.
2, 23, 301753
List the prime factors of 3362671.
13, 37, 6991
What are the prime factors of 1006740?
2, 3, 5, 7, 17, 47
List the prime factors of 4737683.
601, 7883
What are the prime factors of 618960?
2, 3, 5, 2579
List the prime factors of 23926246.
2, 173, 69151
List the prime factors of 533664.
2, 3, 17, 109
What are the prime factors of 2812614?
2, 3, 7, 167, 401
List the prime factors of 41624.
2, 11, 43
List the prime factors of 244041.
3, 7, 11621
List the prime factors of 504977.
11, 29, 1583
List the prime factors of 19443.
3, 6481
What are the prime factors of 175780?
2, 5, 11, 17, 47
List the prime factors of 5349361.
383, 13967
What are the prime factors of 1071382?
2, 13, 89, 463
What are the prime factors of 256490?
2, 5, 13, 1973
List the prime factors of 17509744.
2, 7, 127, 1231
What are the prime factors of 163847?
163847
List the prime factors of 6299552.
2, 7, 28123
List the prime factors of 3627915.
3, 5, 241861
List the prime factors of 274037.
19, 14423
List the prime factors of 44109.
3, 13, 29
What are the prime factors of 195314?
2, 7, 1993
List the prime factors of 250211.
13, 19, 1013
What are the prime factors of 628811?
628811
What are the prime factors of 33285?
3, 5, 7, 317
What are the prime factors of 2198723?
2198723
What are the prime factors of 1201450?
2, 5, 24029
List the prime factors of 975478.
2, 7, 69677
What are the prime factors of 7266983?
1889, 3847
List the prime factors of 159474.
2, 3, 7, 3797
List the prime factors of 17538485.
5, 3507697
What are the prime factors of 1552133?
11, 149, 947
List the prime factors of 532688.
2, 13, 197
What are the prime factors of 3345317?
3345317
List the prime factors of 551412.
2, 3, 17, 53
List the prime factors of 1758485.
5, 43, 8179
What are the prime factors of 77665?
5, 7, 317
What are the prime factors of 8340151?
43, 193957
List the prime factors of 495295.
5, 17, 5827
List the prime factors of 500505.
3, 5, 61, 547
List the prime factors of 3036586.
2, 7, 216899
List the prime factors of 277824.
2, 3, 1447
List the prime factors of 1623479.
11, 13, 11353
List the prime factors of 9477355.
5, 41, 83, 557
What are the prime factors of 149080?
2, 5, 3727
List the prime factors of 31446618.
2, 3, 7, 748729
List the prime factors of 1025.
5, 41
List the prime factors of 6782136.
2, 3, 282589
List the prime factors of 6101793.
3, 17, 19, 2099
What are the prime factors of 462414?
2, 3, 77069
What are the prime factors of 26994017?
26994017
What are the prime factors of 53847?
3, 31, 193
List the prime factors of 5339822.
2, 89, 131, 229
What are the prime factors of 738417?
3, 47, 5237
What are the prime factors of 2207531?
37, 59663
What are the prime factors of 9440186?
2, 7, 674299
List the prime factors of 67087.
73, 919
List the prime factors of 1411994.
2, 37, 19081
What are the prime factors of 12989244?
2, 3, 137, 7901
What are the prime factors of 324496?
2, 17, 1193
List the prime factors of 5811631.
7, 830233
List the prime factors of 182633.
11, 16603
List the prime factors of 29811470.
2, 5, 13, 43, 5333
List the prime factors of 23282438.
2, 11641219
What are the prime factors of 6846583?
6846583
List the prime factors of 1944100.
2, 5, 19441
What are the prime factors of 490748?
2, 79, 1553
What are the prime factors of 1901804?
2, 43, 11057
What are the prime factors of 3646589?
47, 77587
What are the prime factors of 4326614?
2, 2163307
What are the prime factors of 3990817?
19, 41, 47, 109
List the prime factors of 411415.
5, 107, 769
List the prime factors of 269483.
31, 8693
What are the prime factors of 209783?
7, 23, 1303
List the prime factors of 5868601.
5868601
What are the prime factors of 42945?
3, 5, 7, 409
List the prime factors of 44980.
2, 5, 13, 173
List the prime factors of 266509.
17, 61, 257
What are the prime factors of 2032689?
3, 677563
What are the prime factors of 2337485?
5, 467497
What are the prime factors of 22582898?
2, 13, 197, 4409
List the prime factors of 3752016.
2, 3, 78167
What are the prime factors of 11503?
11503
List the prime factors of 835631.
73, 11447
What are the prime factors of 51697?
17, 3041
What are the prime factors of 7098801?
3, 2366267
List the prime factors of 1230739.
1230739
What are the prime factors of 461621?
31, 14891
What are the prime factors of 15769122?
2, 3, 23, 114269
What are the prime factors of 628807?
29, 21683
List the prime factors of 323177.
131, 2467
List the prime factors of 106077.
3, 19, 1861
What are the prime factors of 24868999?
24868999
What are the prime factors of 12347667?
3, 131, 3491
List the prime factors of 5971192.
2, 53, 14083
What are the prime factors of 19658921?
19658921
List the prime factors of 619017.
3, 7, 4211
What are the prime factors of 191621?
191621
List the prime factors of 4833768.
2, 3, 31, 73, 89
List the prime factors of 22296472.
2, 11, 253369
What are the prime factors of 1012570?
2, 5, 13, 7789
List the prime factors of 1056781.
11, 23, 4177
What are the prime factors of 2140427?
47, 45541
List the prime factors of 3011260.
2, 5, 7, 137, 157
What are the prime factors of 592965?
3, 5, 13177
What are the prime factors of 4824893?
4824893
What are the prime factors of 977412?
